 Let d be 6*(-5)/(-105) + (-2706)/14. Let p = c - d. What are the prime factors of p?
2, 31
Let t = 7978 - 4783. List the prime factors of t.
3, 5, 71
Suppose 11 = 3*b - 3*u + 2, -15 = -5*b + u. Suppose 93 = 3*h + b. What are the prime factors of h?
2, 3, 5
Let n(x) = 282*x - 430. Let q be n(-12). Let h = -2132 - q. List the prime factors of h.
2, 29
Suppose -22*c + 128 = -18*c. List the prime factors of (-10580)/(-35) - (c/14 - 2).
2, 151
Suppose -53*o = -52*o - 4. Suppose j - 237 - 209 = 4*s, -12 = o*s. List the prime factors of j.
2, 7, 31
Let y = 8355 + -1111. List the prime factors of y.
2, 1811
Let d be 150 - (-12)/3 - -2. Let f = -304 + 578. Let i = f - d. List the prime factors of i.
2, 59
Suppose -9*b = -b - 1392. Let k = -123 + b. Suppose -4*d + k = 3*l, -l = -0*l - 1. What are the prime factors of d?
2, 3
Suppose 648*d - 794199 = 588*d + 247521. What are the prime factors of d?
2, 8681
Let q be 4/8 + (0 - 5/2). List the prime factors of q/8 + (-17130)/(-40).
2, 107
Suppose -13205 - 15697 = -6*t. List the prime factors of t.
4817
Let m(s) = 6*s + 32. Let q be m(-5). Let l = 12 - q. What are the prime factors of (158/l)/(2/10)?
79
Let s = -77 - -207. What are the prime factors of 1008/90*s/4?
2, 7, 13
List the prime factors of 1814/(2/5 - (-35 + 35)).
5, 907
Suppose 13*y - 7*y - 510 = 0. Let l = y + -82. Suppose l*b = -5*x + 400, 2*b - 4*x = 6*b - 544. List the prime factors of b.
2, 5, 7
Let t be 66/9 + (-9)/(108/(-8)). Suppose 0 = -m + t*m - 210. What are the prime factors of (m - 23)/(1/25)?
5, 7
Let s(m) = 66*m**2 - 2*m + 4. Let h be -4 - -9*10/15. What are the prime factors of s(h)?
2, 3, 11
Let m = 11174 + -6404. List the prime factors of m.
2, 3, 5, 53
Let z be (2/4)/((-3)/(-48)). Suppose 0 = 2*v + 2*p, z = 2*v - 3*p - 7. Suppose 2*l - 105 = -5*s, -2*s - 3*s - v*l + 100 = 0. What are the prime factors of s?
23
Suppose 86*w - 30318 = 233702. List the prime factors of w.
2, 5, 307
Suppose 91*j - 54475 = 57000. What are the prime factors of j?
5, 7
Suppose 2*y - 2*v - 29732 = 36276, -4*y + 6*v = -132024. What are the prime factors of y?
2, 3, 5, 11
Let i = 286 - 283. Suppose -i*j = -2*j + 3*w - 1028, -j - 2*w = -1029. What are the prime factors of j?
1031
Let n = 10897 - 5561. What are the prime factors of n?
2, 23, 29
Let m(n) = -4*n - 4. Let v be m(-1). Suppose 8*p - 5*p - 90 = v. Suppose -6*o = -p - 486. List the prime factors of o.
2, 43
Let f = 8615 - 3733. List the prime factors of f.
2, 2441
Suppose -73*f = -79*f - 29130. What are the prime factors of (7 + f/(-10))*2?
5, 197
Suppose -17*f + 181502 = 13950. Suppose 27*p - f = 11*p. What are the prime factors of p?
2, 7, 11
Suppose s - 3*f + 8 = 1, -5 = 5*s - 5*f. List the prime factors of (s/4)/((-37)/(-64010)).
5, 173
Suppose 2 = 5*d - 23. Suppose -10 = k - 4*z, k = d*k + 2*z + 4. List the prime factors of k/(-6) - (-334)/6.
2, 7
Let z be (-2)/1 - (7 - -3177). Let u = -1221 - z. What are the prime factors of 5/(-4) + u/20?
97
Let c(o) = 6161*o + 2177. What are the prime factors of c(11)?
2, 3, 29, 67
Let h(m) = 11*m**2 + 2*m - 6. Let g(k) = -2*k - 2*k - k**2 + 4*k + 1. Let p(j) = 4*g(j) + h(j). What are the prime factors of p(1)?
7
Let s = -96146 + 164302. What are the prime factors of s?
2, 11, 1549
Let j = -139 + 200. Let i = j - 59. Suppose i*m + 6*m - 912 = 0. What are the prime factors of m?
2, 3, 19
Let c(j) be the second derivative of -j**5/20 + 7*j**4/6 + 29*j**3/3 - 18*j**2 + 148*j. List the prime factors of c(17).
83
Let t be 15*-1*-1*(14 - 33). Let m = 307 - t. List the prime factors of m.
2, 37
Let m(s) = 0*s**3 + 10 - 5 - 2*s**2 + 3*s + s - 2*s**3. Let j be m(-2). Suppose -198 = -3*k - 2*u, -j*k - 3*u = -3*k - 127. List the prime factors of k.
2, 17
Let m(r) = -18*r - 267. Let g be m(-16). Suppose -2*h - g = -215. What are the prime factors of h?
97
Let d(h) = h**3 - 4*h**2 - 3*h - 7. Let j be d(5). Suppose -434 - 196 = -j*v. List the prime factors of v.
2, 3, 5, 7
Let v be (-2)/((-2)/11)*17. Suppose 9*q - 27 = -0*q. Suppose -q*n + v = -62. List the prime factors of n.
83
Suppose 6*f - 13158 = -5*a + 8*f, -2*a + 5252 = 2*f. Suppose 0 = 8*h - a - 6562. List the prime factors of h.
3, 383
Let b = 39383 - 22501. What are the prime factors of b?
2, 23, 367
Let b(w) = 238*w**2 - 35*w + 33. List the prime factors of b(-11).
2, 11, 83
Suppose -187*g + 315265 + 121625 = -177*g. List the prime factors of g.
3, 14563
Let q = 439 - 439. Suppose 2*l - l - 780 = q. What are the prime factors of l?
2, 3, 5, 13
Suppose -29 - 25 = -9*b. Suppose 4*k = k + 5*v + b, -3*v = -3*k + 6. Suppose k*u - 44 = -10. What are the prime factors of u?
17
Suppose -4*f - 5*k + 5237 = 0, 0 = -3*f - 14*k + 15*k + 3904. Suppose -g - a = -f, -5*a + 0*a = -10. List the prime factors of g.
1301
Let a = 10707 + -5168. List the prime factors of a.
29, 191
Let z(i) = 56*i**3 - 3*i**2 + 10*i - 16. Suppose -4*u + 5 = 3*j, u + 3*u = -2*j + 2. What are the prime factors of z(j)?
1499
Suppose -23*y = 2*y + 4*y - 510168. What are the prime factors of y?
2, 3, 733
Suppose 0 = -v + 3*v + 2178. Let t = v - -1861. Suppose -10*p = -t + 132. List the prime factors of p.
2
Let h(j) = -364*j - 130. Let t be h(-20). Suppose -25*v + t = -3*v. List the prime factors of v.
5, 13
Let o(s) = 54*s + 116. Suppose 0 = 5*x - 0*q - 4*q - 33, x + q - 12 = 0. What are the prime factors of o(x)?
2, 7, 43
Let i = 98 - -37. Let j = i + -117. List the prime factors of j.
2, 3
Suppose 20*g - 852 = 14*g. Let u = 507 - g. What are the prime factors of u?
5, 73
Let d be 13/3*(3 + 0). Suppose 15*z - d = 14*z. Suppose -z*i = -14*i + 68. What are the prime factors of i?
2, 17
Suppose p - 37464 = 3*b, 4*p - 117*b = -121*b + 149984. List the prime factors of p.
2, 3, 11, 71
Let c be (4 - (-3 + 3))*1. Suppose 86 = c*x - m, 2*m = -x - 3*x + 92. Let h(j) = -j**2 + 26*j - 52. What are the prime factors of h(x)?
2, 3
Let c = 2 - 3. Suppose -11*v - 129 = -10*v - y, v + 2*y + 132 = 0. What are the prime factors of (c - -5)*v/(-4)?
2, 5, 13
Let s(g) = -g**3 + 5*g**2 - 8*g + 25. Let p be s(4). Suppose 5*v - 383 = -o + p*v, o - v = 386. List the prime factors of o.
3, 43
Let f(r) = 26*r + 24. Let l(b) = -b**3 + 6*b**2 - 5*b - 5. Suppose -13*z = -11*z - 6. Let w be l(z). List the prime factors of f(w).
2, 103
Let a = 265 - 260. What are the prime factors of 300 - a/20*20?
5, 59
Suppose 31*l + 59986 = -l + 153970. What are the prime factors of l?
3, 11, 89
Suppose -b - 3*u = -2322, 2*b - 7*b + u = -11514. List the prime factors of b.
2, 3
Let t = 43 + -224. Let g = t - -485. Suppose 4*k - g = -0*k. What are the prime factors of k?
2, 19
Let i = 143 + -141. Let z(d) = 44*d**3 + 2*d**2 + 3*d - 12. List the prime factors of z(i).
2, 3, 59
Let d be 2/1*(6/4)/(-1). Let l be (-3)/(d - 2168/(-724))*1. Suppose -2*p = 4*u - 864, -3*u + l = -3*p - 105. List the prime factors of u.
2, 3
Suppose 48*q - 346020 = 191484. What are the prime factors of q?
2, 11, 509
Let a be 1*3/21 - 380/(-133). Suppose 2*c = a*g + 922, 82 - 541 = -c + g. What are the prime factors of c?
5, 7, 13
Let y = 52 - 157. Let w = y + 1192. List the prime factors of w.
1087
Let a be 2/4*(-16 + 7 + -3). Let u be (-6)/4*16/a. Suppose w + u*k = 224, -3*k = -3*w - 4*k + 694. What are the prime factors of w?
2, 29
Suppose 0*x + 2 = 2*x + 2*n, 2*x - 12 = -4*n. Let z be x/8 - (-2 - (-9)/(-2)). Suppose -s - 385 = -z*s - 2*w, -2*w - 10 = 0. What are the prime factors of s?
79
Let w(x) = -x**3 + 5*x**2 + 5*x + 1. Let s be w(4). Let z be (21 - (25 + -14)) + -6. Suppose 63 = z*q - s. List the prime factors of q.
5
What are the prime factors of ((-38)/(-10) + 1)*(-1287580)/(-714)?
2, 541
Suppose 226*v + 240*v + 632562 = 508*v. List the prime factors of v.
15061
Suppose -7 = -t - 4*n, 0*t + n + 119 = 5*t. Let f = t - 20. Suppose -10 = -r + 4*z + 86, 3*r + f*z = 363. List the prime factors of r.
2, 29
Let y = 28 - 28. Suppose -4*q - 11 + 27 = y. Suppose -12 = q*k, 0 = -3*h + 2*k + 2*k + 162. What are the prime factors of h?
2, 5
Suppose -9*o + 30*o - 62913 - 99543 = 0. List the prime factors of o.
2, 967
Let q = -441 + 441. Suppose 3038 = 4*f + 2*k - k, q = 4*f + 3*k - 3034. What are the prime factors of f?
2, 5, 19
Suppose 0 = -0*p - 4*p + 12. Let s be (-2)/(-4)*(8/5)/((-64)/(-400)). Suppose -p*l + 155 =